413.
3, 1471
List the prime factors of 1538.
2, 769
List the prime factors of 52701.
3, 11, 1597
What are the prime factors of 7121?
7121
What are the prime factors of 22416?
2, 3, 467
What are the prime factors of 91698?
2, 3, 17, 29, 31
List the prime factors of 2908.
2, 727
What are the prime factors of 47090?
2, 5, 17, 277
What are the prime factors of 1018?
2, 509
What are the prime factors of 1572?
2, 3, 131
List the prime factors of 1219.
23, 53
List the prime factors of 12977.
19, 683
List the prime factors of 4687.
43, 109
What are the prime factors of 2798?
2, 1399
List the prime factors of 1161.
3, 43
What are the prime factors of 412?
2, 103
What are the prime factors of 2535?
3, 5, 13
What are the prime factors of 21541?
13, 1657
List the prime factors of 116227.
71, 1637
List the prime factors of 3051.
3, 113
What are the prime factors of 12829?
12829
What are the prime factors of 18907?
7, 37, 73
List the prime factors of 7464.
2, 3, 311
What are the prime factors of 28450?
2, 5, 569
What are the prime factors of 10920?
2, 3, 5, 7, 13
List the prime factors of 877.
877
List the prime factors of 3871.
7, 79
What are the prime factors of 39067?
7, 5581
List the prime factors of 912.
2, 3, 19
List the prime factors of 718.
2, 359
List the prime factors of 97018.
2, 179, 271
What are the prime factors of 107?
107
List the prime factors of 710.
2, 5, 71
What are the prime factors of 36074?
2, 17, 1061
What are the prime factors of 443?
443
What are the prime factors of 171846?
2, 3, 9547
What are the prime factors of 11928?
2, 3, 7, 71
What are the prime factors of 791?
7, 113
What are the prime factors of 1159?
19, 61
What are the prime factors of 79513?
7, 37, 307
What are the prime factors of 40079?
13, 3083
What are the prime factors of 3544?
2, 443
What are the prime factors of 8934?
2, 3, 1489
What are the prime factors of 30477?
3, 10159
List the prime factors of 2504.
2, 313
What are the prime factors of 18428?
2, 17, 271
List the prime factors of 1859.
11, 13
List the prime factors of 39290.
2, 5, 3929
What are the prime factors of 4294?
2, 19, 113
List the prime factors of 2201.
31, 71
List the prime factors of 1696.
2, 53
List the prime factors of 6393.
3, 2131
What are the prime factors of 69759?
3, 23, 337
List the prime factors of 808.
2, 101
What are the prime factors of 51037?
7, 23, 317
List the prime factors of 3042.
2, 3, 13
List the prime factors of 6885.
3, 5, 17
List the prime factors of 284.
2, 71
What are the prime factors of 10323?
3, 31, 37
List the prime factors of 860.
2, 5, 43
What are the prime factors of 70711?
31, 2281
What are the prime factors of 64145?
5, 12829
List the prime factors of 574.
2, 7, 41
What are the prime factors of 25545?
3, 5, 13, 131
List the prime factors of 900.
2, 3, 5
List the prime factors of 44238.
2, 3, 73, 101
List the prime factors of 32039.
7, 23, 199
What are the prime factors of 2678?
2, 13, 103
What are the prime factors of 4161?
3, 19, 73
What are the prime factors of 38775?
3, 5, 11, 47
What are the prime factors of 1651?
13, 127
List the prime factors of 42831.
3, 4759
What are the prime factors of 1312?
2, 41
List the prime factors of 3992.
2, 499
What are the prime factors of 20704?
2, 647
List the prime factors of 1094.
2, 547
What are the prime factors of 8919?
3, 991
What are the prime factors of 898?
2, 449
List the prime factors of 866.
2, 433
What are the prime factors of 1812?
2, 3, 151
List the prime factors of 22899.
3, 17, 449
List the prime factors of 11869.
11, 13, 83
List the prime factors of 1029.
3, 7
List the prime factors of 881.
881
List the prime factors of 1485.
3, 5, 11
List the prime factors of 7858.
2, 3929
List the prime factors of 3726.
2, 3, 23
List the prime factors of 4458.
2, 3, 743
What are the prime factors of 651?
3, 7, 31
List the prime factors of 2294.
2, 31, 37
List the prime factors of 14028.
2, 3, 7, 167
What are the prime factors of 23074?
2, 83, 139
List the prime factors of 17151.
3, 5717
List the prime factors of 4914.
2, 3, 7, 13
What are the prime factors of 7127?
7127
List the prime factors of 100675.
5, 4027
List the prime factors of 7086.
2, 3, 1181
What are the prime factors of 63349?
11, 13, 443
What are the prime factors of 4079?
4079
List the prime factors of 36142.
2, 17, 1063
List the prime factors of 69985.
5, 13997
List the prime factors of 1033.
1033
List the prime factors of 7418.
2, 3709
What are the prime factors of 1670?
2, 5, 167
List the prime factors of 1156.
2, 17
List the prime factors of 4782.
2, 3, 797
What are the prime factors of 18942?
2, 3, 7, 11, 41
What are the prime factors of 1190?
2, 5, 7, 17
List the prime factors of 303.
3, 101
What are the prime factors of 947?
947
List the prime factors of 646.
2, 17, 19
List the prime factors of 6921.
3, 769
List the prime factors of 999.
3, 37
What are the prime factors of 54952?
2, 6869
List the prime factors of 177599.
17, 31, 337
What are the prime factors of 253?
11, 23
List the prime factors of 2154.
2, 3, 359
What are the prime factors of 1799?
7, 257
What are the prime factors of 1409?
1409
List the prime factors of 20835.
3, 5, 463
What are the prime factors of 794?
2, 397
List the prime factors of 60836.
2, 67, 227
What are the prime factors of 6288?
2, 3, 131
List the prime factors of 53756.
2, 89, 151
List the prime factors of 13498.
2, 17, 397
What are the prime factors of 27349?
7, 3907
List the prime factors of 5506.
2, 2753
List the prime factors of 3118.
2, 1559
What are the prime factors of 57299?
11, 5209
List the prime factors of 4347.
3, 7, 23
List the prime factors of 14207.
14207
What are the prime factors of 12638?
2, 71, 89
List the prime factors of 1560.
2, 3, 5, 13
List the prime factors of 11187.
3, 11, 113
What are the prime factors of 53102?
2, 7, 3793
List the prime factors of 6538.
2, 7, 467
What are the prime factors of 1201?
1201
What are the prime factors of 13965?
3, 5, 7, 19
List the prime factors of 6903.
3, 13, 59
List the prime factors of 15381.
3, 1709
List the prime factors of 156882.
2, 3, 11, 2377
List the prime factors of 31772.
2, 13, 47
What are the prime factors of 10353?
3, 7, 17, 29
List the prime factors of 4367.
11, 397
List the prime factors of 4380.
2, 3, 5, 73
List the prime factors of 391.
17, 23
List the prime factors of 185.
5, 37
What are the prime factors of 512?
2
List the prime factors of 6841.
6841
What are the prime factors of 39351?
3, 13, 1009
What are the prime factors of 1799?
7, 257
What are the prime factors of 4319?
7, 617
What are the prime factors of 51828?
2, 3, 7, 617
What are the prime factors of 423?
3, 47
List the prime factors of 163846.
2, 17, 61, 79
What are the prime factors of 451?
11, 41
List the prime factors of 364.
2, 7, 13
List the prime factors of 13007.
13007
List the prime factors of 166192.
2, 13, 17, 47
List the prime factors of 2244.
2, 3, 11, 17
List the prime factors of 1481.
1481
What are the prime factors of 1157?
13, 89
What are the prime factors of 14823?
3, 61
What are the prime factors of 6290?
2, 5, 17, 37
List the prime factors of 9585.
3, 5, 71
List the prime factors of 12713.
12713
List the prime factors of 8539.
8539
List the prime factors of 26112.
2, 3, 17
List the prime factors of 6864.
2, 3, 11, 13
What are the prime factors of 4090?
2, 5, 409
What are the prime factors of 76098?
2, 3, 11, 1153
What are the prime factors of 2218?
2, 1109
What are the prime factors of 1596?
2, 3, 7, 19
List the prime factors of 808.
2, 101
What are the prime factors of 6095?
5, 23, 53
List the prime factors of 4154.
2, 31, 67
List the prime factors of 260.
2, 5, 13
What are the prime factors of 1638?
2, 3, 7, 13
List the prime factors of 1960.
2, 5, 7
What are the prime factors of 5589?
3, 23
What are the prime factors of 2817?
3, 313
What are the prime factors of 5316?
2, 3, 443
List the prime factors of 41887.
41887
List the prime factors of 10007.
10007
List the prime factors of 98956.
2, 11, 13, 173
What are the prime factors of 1882?
2, 941
List the prime factors of 186930.
2, 3, 5, 31, 67
What are the prime factors of 42561?
3, 4729
List the prime factors of 10998.
2, 3, 13, 47
List the prime factors of 1501.
19, 79
List the prime factors of 3161.
29,